 of u?
2
What is the units digit of 4/(-6) + (-28)/(-6)?
4
Let n be 1 + -3 + 7 + -3. Suppose -q + 7 + n = 0. What is the units digit of q?
9
Let k(i) = 3 - 3 + 5*i. Let q be ((-2)/(-2) - 0) + 0. What is the units digit of k(q)?
5
Suppose 3*l - 3*x - 3 = 0, 2*l - 3*x + 3 = 1. Let u = 7 - l. Suppose 0*b = u*b - 20. What is the tens digit of b?
1
Let d be 8*(3/6)/(-1). What is the tens digit of (-2)/d - 38/(-4)?
1
Let l(t) = -t**2 + 7*t + 10. Let g be l(8). Suppose -2*w + g = -4*s, -w - 3*s = -2*s - 4. What is the units digit of w?
3
Let p be (-3 - 3)/(-1*1). Suppose 0 = a - 0*a - p. Suppose i - 2 = -a, 5*i = 3*y - 26. What is the units digit of y?
2
Let s be 2/(-5) + (-44)/(-10). Let k(a) = 5*a - 4. What is the units digit of k(s)?
6
Suppose 4 = -b + 5*b, -5 = -3*k + b. Let j be (1 - 6/k)*14. What is the units digit of (-48)/j + (-4)/(-14)?
2
Let l(r) = -r**3 - 5*r**2 + 6*r - 3. Let d be l(-6). What is the units digit of (-11)/d + 12/(-18)?
3
Let k(p) = p**3 - 4*p**2 - 4*p. Let o(f) = 1 + 4 + 0*f + f. Let b be o(0). What is the units digit of k(b)?
5
Suppose 0*v = -v - 2. What is the units digit of 18 + v + -1 + 4?
9
Suppose 1560 + 631 = 7*z. What is the tens digit of z?
1
Suppose 2*i = 4*i - 8. Suppose -4*p + 61 = -3*v, i*p + 0*v + 4*v = 96. What is the units digit of p?
9
Let v(w) be the first derivative of 3 - 1/4*w**4 + 3/2*w**2 + 7*w - 4/3*w**3. What is the tens digit of v(-5)?
1
Let p be (0 - 1)/((-2)/4). Suppose -36 = -2*y - p*y - 3*f, -32 = -4*y - 4*f. Suppose y = 4*q - 24. What is the units digit of q?
9
Suppose -5*r + 3 = 2*j + 9, 0 = 2*r + 2*j + 6. Let g = 4 - r. What is the units digit of g?
4
Let w(c) = 3*c**3 + 30*c**2 - 7*c - 18. What is the tens digit of w(-9)?
8
Suppose -3*s + 20 = s. Suppose -206 = -s*c - 5*m - 1, -c + 3*m = -25. What is the tens digit of c?
3
Suppose 0 = -5*w + 13 + 2. What is the tens digit of (-60)/w*-2 - 1?
3
Suppose -9 = 4*k - 1. Let o = -16 + -1. What is the units digit of o/k - 12/(-8)?
0
Let u(x) = x**3 - 6*x**2 + 7*x + 1. Let l(p) = -p**3 - 9*p**2 - p - 4. Let s be l(-9). What is the tens digit of u(s)?
1
Suppose -2*i - h = -4*i + 192, -2*i + 184 = h. What is the tens digit of i?
9
Let d(m) = -m**2 - 7*m - 5. Let l be d(-5). Suppose 47 = -l*i + 7. Let p = 6 - i. What is the units digit of p?
4
What is the tens digit of (-2)/6*(-12 - 63)?
2
Let v = -7 - -10. Suppose -8 = -v*g + 1. What is the units digit of g?
3
Suppose n = -3*s - 3, -2*s = 3*n + n + 12. Let z be -6 - (-1 - (-6 - n)). What is the units digit of (7 + z)/((-1)/5)?
5
What is the tens digit of (13 + -105)*1/(-4)?
2
Let l(u) = 2*u - 5. Let d(r) = 2*r**2 + 3*r + 2. Let y be d(-2). What is the units digit of l(y)?
3
What is the hundreds digit of 3/(-9*(-1)/510)?
1
Let h = 25 - 7. Suppose p = 2*i - 3, 5*p - i = 3*i + 3. Suppose -3*q = p - h. What is the units digit of q?
5
Suppose -4*y + 0*f = -2*f - 10, -3*f + 15 = 4*y. Suppose 0*v = -y*v + 51. What is the units digit of v?
7
Let s(l) = -41*l**3 + l. What is the units digit of s(-1)?
0
Let m = -2 + 34. What is the units digit of m?
2
Suppose -3 = -r + 22. What is the units digit of r?
5
Suppose 0 = 3*v - 22 - 53. What is the tens digit of v?
2
Suppose -2*g = 2*g. Suppose 3*d = -g*d + 6. What is the units digit of 52/5 + d/(-5)?
0
Let n(r) = 9*r**2 + 3*r + 1. What is the tens digit of n(7)?
6
Let x be 6/15 - (-34)/(-10). What is the units digit of (-2)/x*(-39)/(-2)?
3
Suppose -4*v = -c + 2, 0 = 2*c + 3*c + 4*v - 10. What is the units digit of 6*1/c*1?
3
Suppose 3*y - 4 = 11. Let n = 10 - y. What is the units digit of n?
5
Let x be 4/(-10) + (-160)/(-25). What is the units digit of 3/x*-6 + 6?
3
Let w(o) = o**3 - 6*o**2 - 6*o - 7. Let p be w(7). Let a(z) = z**3 + z**2 + z + 2. What is the units digit of a(p)?
2
Let a be ((-6)/(-4))/((-1)/(-14)). Suppose 4*b + a = 5. Let p = b - -11. What is the units digit of p?
7
Suppose 0 = 5*h + 3*z - 15, -3*h = -3*z + 6*z - 9. Suppose 0 = h*a, -5*w - 5*a = -201 + 1. Suppose -6*d + d + w = 0. What is the units digit of d?
8
Let f(d) = d**2 + 8*d + 2. What is the units digit of f(-8)?
2
Suppose -2*o - 4 = 4*w, -5*o - 3*w = -w - 6. What is the units digit of o?
2
Let u be -2*(-2)/4 + -1. Suppose u = -5*n - 0*n + 10. Suppose 5 = 2*y - 2*l + 3, -4*y + n*l = -8. What is the units digit of y?
3
Let k be (-146)/10 - (-39)/65. Suppose 0 = -l + 5*p + 12, -p + 2*p = 3*l - 36. What is the units digit of (21/k)/((-2)/l)?
9
What is the tens digit of 53 + (4 + -1 - 2)?
5
Let n be (3 - 2)/(2/(-70)). Let v = -53 - n. What is the units digit of (-50)/v + (-8)/(-36)?
3
Suppose 0 = -0*g - 4*g + 16. Suppose -4*q + 5*t + 75 = q, 5*q + g*t = 93. What is the tens digit of q?
1
Suppose -38 = j - 8. Let k = j + 42. What is the units digit of k?
2
Let f(z) = z + 2. Let j be f(0). Suppose 2*x - j = x. Suppose 6*p - 40 = x*p. What is the tens digit of p?
1
Let t = 360 + -243. What is the tens digit of t?
1
Let r(a) = a**3 + 11*a**2 - 5. Let o be r(-11). What is the units digit of (o/(-15))/(2/126)?
1
Suppose 0 = z - 0 - 2. Suppose 3*q - x + 15 - 5 = 0, -5*q + z*x - 17 = 0. Let d = q + 8. What is the units digit of d?
5
Suppose -17*o = -5*o - 636. What is the tens digit of o?
5
Let w(v) = -4*v**3 - 48*v**2 - 5*v + 41. Let x(j) = j**3 + 12*j**2 + j - 10. Let c(i) = 2*w(i) + 9*x(i). What is the units digit of c(-12)?
4
Let z be 3*1 + 6/(-2). What is the units digit of 26 - (z + (-2)/2)?
7
What is the tens digit of 10/2 - 3 - 6 - -29?
2
Let m = 3 - 1. Suppose -m*u + u + 1 = 0. What is the units digit of u/(1*(-1)/(-3))?
3
Let w = 5 - 3. Let l = 2 - -3. Suppose -w*y - l*t = -8, -3*y - t = -0*y - 38. What is the units digit of y?
4
What is the units digit of ((-6)/(-4))/((54/8)/9)?
2
Suppose 0 = -3*j - 2*h + 13, 4*h + 5 = -3*j + 10. What is the units digit of j?
7
Let h be (-134)/(-11) + (-8)/44. Suppose w - 2 = h. What is the tens digit of w?
1
Suppose 0 = 4*b + 30 + 110. Let g = -25 - b. What is the units digit of g?
0
Suppose -5*v + 8 = 2*w, 3*w - 8 = w - 4*v. Suppose 0 = -x + 4*q + 2, -w*x + 0*q = q - 25. What is the units digit of x?
6
Let n = -1 - -3. Suppose -j = -2*j + n. Suppose j*k - 18 = -0. What is the units digit of k?
9
What is the units digit of (5 - (2 + 0)) + 18?
1
What is the units digit of -5*(-1*6 - -3)?
5
Let c = 170 - 100. What is the units digit of c?
0
Let x = 8 - 6. Let q(o) = 7*o - 4. Let k be q(-4). What is the units digit of x/(-7) + k/(-14)?
2
Let i(s) = -s + 7. Let t be i(6). What is the units digit of 0 + (0 - -2 - t)?
1
Let x be (1/1)/((-5)/(-20)). What is the units digit of (-3)/((-6)/x) - 1?
1
Let v(j) = 24*j - 86. What is the hundreds digit of v(12)?
2
Let r = 5 + -10. Let i be (0 + (-6)/5)*r. Suppose -15 = d - i*d. What is the units digit of d?
3
Let x(k) = -3*k**3 + k**2 - k - 1. Suppose -2*a = 3*a + 5. Let v be x(a). Suppose -v*s + 16 = -0*s. What is the units digit of s?
4
Let d = 491 + -341. Suppose -3*h = -5*f + d, 5*f + 3*h - 180 = -0*f. What is the tens digit of f?
3
Suppose 64 = 2*g - 142. What is the tens digit of g?
0
Suppose 1144 - 448 = 2*p. What is the hundreds digit of p?
3
Let t be (-1)/(-3*1 + 2). Let h be t/(-1*2/6). Let d = -1 - h. What is the units digit of d?
2
Suppose 0 = -20*j + 8*j + 1428. What is the tens digit of j?
1
Let a(r) = -2*r**3 - 10*r**2 - 17*r + 2. What is the units digit of a(-5)?
7
Let r(o) be the third derivative of o**4/24 - o**3/6 + o**2. Suppose 0 = -2*b + 3 + 5. What is the units digit of r(b)?
3
Suppose -2*k + 103 = -k. What is the tens digit of k?
0
Suppose 3*z - 13 = 3*b + 35, -2*b = 0. Suppose -4*h = -0*h - z. Suppose 60 = 5*a - h*s, s - 3*s = a + 2. What is the units digit of a?
8
Let l = -6 + 1. Let n = -1 - l. Suppose 0 = -0*q - n*q + 48. What is the units digit of q?
2
Let m be (18/8)/(3/12). Suppose 2*f + 0*j - j + 1 = 0, -27 = -f - 5*j. Suppose -f*i + m = -i. What is the units digit of i?
9
Let l be 1/(-2)*(-16 - 2). Suppose -b = -21 + l. What is the tens digit of b?
1
Let c(a) be the third derivative of a**4/24 + a**3/6 + 2*a**2. Let w be c(1). What is the units digit of w/10 - (-4)/5?
1
Let z(n) = -n**2 - 15*n + 21. What is the tens digit of z(-13)?
4
Let r be (-2)/(4/(-6)) + 1. Suppose -4 - 1 = 5*v + 4*d, 2*v + r*d = -14. Suppose 4*g + v*z = 52, -g - z + 0*z + 14 = 0. What is the tens digit of g?
1